7))?
-65
What is the value of 9 + (-3 - 5 - -5) - (188 - 134)?
-48
What is the value of 44 + (-1 - (-2 + 3)) + -4 + (160 - 150)?
48
What is -2333 - -2300 - (-4 + 12 - -1)?
-42
Calculate 8 + 56 + -4 + (-5 - -3) + -2.
56
(-19 + (45 - -12) - 25) + -60 + -1
-48
What is -3 + (-20 - (-38 + 19 + -29 + 23))?
2
17 + 13 + -65 + (26 - 14)
-23
Calculate (70 - (58 + -76)) + 2 + -1 + 2.
91
62 + (-84 + 183 - 38)
123
Calculate (-1 - (-19 - -24 - -19)) + 13 + (-2 - 0).
-14
-21 + (7 - 17 - -17 - 3 - -1) + -10
-26
What is (45 - 17 - 19) + 14?
23
What is the value of 4 + (-1 - (7 - -2)) + (-37 - 0) + 72?
29
What is the value of -2 - 66 - (6041 - 6102) - (0 - 0 - -5)?
-12
Calculate -26 - -92 - (94 + -28).
0
Calculate (-37 - 3) + (76 - 83).
-47
Evaluate -38 + (-15 - -112) - 38.
21
0 + -23 + (126 - 66) - -50
87
Calculate (-25 + 0 - ((-4 - -16) + -25)) + 9.
-3
Evaluate (-62 + -61 - -77) + 108.
62
What is (2 - -2) + (-77 + 136 - (-35 - 2))?
100
-39 + -1167 + 1177 + 0 + (-1 - 11)
-41
What is 0 + -11 + (-24 - ((5 - 15) + (108 - 109)))?
-24
What is (-154 - -2) + (1820 - 1595)?
73
What is the value of (29 - ((40 - 26) + -8)) + 77?
100
Evaluate 205 + -219 + 77 - (2 - -27).
34
Calculate (-33 - (-16 - 13)) + -84 - (1 + -5 - 1).
-83
Calculate (-78 - -62) + 74 + 50.
108
Evaluate -1 - 57 - (3817 - 3819).
-56
0 + 168 - (3041 - 2973)
100
-1 + -17 - (2 + (16 - (-11 - -16) - 22))
-9
What is -28 + (0 + -115 - -20) - -1?
-122
6 + 107 + -100 - (37 + (1 - 2))
-23
Calculate (30 - -17 - -12) + -114.
-55
Calculate 2 - (-17 + 10) - (-9 + 9 - -7 - -39).
-37
What is 102 + (44 - 91) + 51?
106
Evaluate -82 - ((2 - 65) + 74).
-93
What is the value of 59 + -140 + -9 + 95?
5
Calculate (-35 - 34) + 38 + 34.
3
Calculate (-17 - -3) + (14 - 45) + 26 + 27.
8
-1 + ((1 - 7) + -12 - -9) - -5
-5
16890 + -17020 + (63 - -1)
-66
What is (1 - 25) + 50 + -125 + 103?
4
Calculate (-7 + (24 - 4) + -71 - -10) + -9 + -12.
-69
What is -24 + 43 + -59 + 11 - 31?
-60
Evaluate -8 - 17 - (-290 - -216).
49
What is the value of 43 + -30 + (-4 - (12 - (7 + 30)))?
34
-12 - (-37 - -44) - -29
10
2 - -132 - -9 - (4 + 3 + 18 + -10)
128
Evaluate 2 + (56 - 32 - (-9 - 1)).
36
What is the value of 12 + 5 - (-32 + -4)?
53
What is the value of -1 - 0 - -20 - (-2826 - -2883)?
-38
(15 - (-1 + -7 + 13 + -5)) + -27
-12
Calculate -58 - (-1 + -17 + (10 - 7) - (415 + -420)).
-48
What is -65 + -47 + 151 + (-1 - -13)?
51
2 - (13 + -1 + 21 + (36 - 51))
-16
47 + (21 - 62) + (-8 + 11 - -56)
65
57 + -31 + (31 - -15 - 28)
44
Calculate (-4 - -9) + -1 - (-3 - 5) - (-11 + 64).
-41
(25 + (13 - 16) - 8) + 14 + 0
28
10 + -13 + (-28 - (-17 + 37))
-51
What is the value of 20 - (19 + 1 + (-274 - -256)) - 1?
17
Calculate (-2 - 0) + 5 + -11 - (4 - 28).
16
(5 - (-38 - 0)) + 14 + -7
50
What is the value of -50 + 8 - (-21 + -79)?
58
522 + -613 - (-15 + -9)
-67
Calculate 0 + -4 - (-7213 - -7167).
42
3 + -11 + (17 - ((9 - -4) + -27)) + -8
15
What is the value of 11 + (0 - (-5 - -8)) - (65 + -10 + 18)?
-65
What is (-6 + -1 - (-20 - 70 - -82)) + -62?
-61
(-24 - -12 - (1 - 21) - 13) + (1 - -10)
6
What is (-43 - -3) + 16 + -7?
-31
5 + 17 - 5 - (-108 - -64)
61
What is (5 - 0) + ((32 - 35) + -14 - -1)?
-11
What is -135 - (-41 + (1 - (-16 - -16)))?
-95
7 - -27 - (20 + (-73 - -11))
76
What is (-2 + 2 - 95) + (135 - (236 - 96))?
-100
What is the value of (79 + -34 - 49) + -17 + (0 - (-1 - -3))?
-23
(-24 - -32) + -16 - 8 - -11
-5
Calculate 7 - (-32 + -139 + 43).
135
What is the value of 35 - (-19 - (-4 + -23 + 9 + 7))?
43
-352 - -338 - (-8 + 0) - (-5 + 18)
-19
Calculate 96 - 4 - (-197 - -127 - -95).
67
What is the value of 0 - -7 - -18 - (4 + -6 - 1)?
28
Calculate (-24 - (-84 + 49)) + -98.
-87
Evaluate 16 + 21 + (12 - (-10 - -12)) - -4.
51
(3 - 49) + (-9 - -4) + 5
-46
-40 - (8 - (-17 - -51)) - 3
-17
Evaluate 2 + 87 - (16 - (29 + -43)).
59
Calculate -94 + 28 + -2 + (-9 - -6).
-71
-152 - (196 - 129) - -139
-80
What is the value of 1 - (-49 + (-24 - -35) + 10)?
29
What is the value of -30 - (0 + -37) - 16?
-9
Evaluate 55 + (-4 - (-2 - -1 - (4 + 2))) + -3.
55
Evaluate 21 - (-7 + (-4 + 5 - 19)).
46
What is -57 + (-1 - (-2 + 5)) + 989 + -978?
-50
Evaluate 3 + (-1 - 71 - -60) + (0 - 18).
-27
Calculate -19 + 6 + (6 - -1) + (-2 - (7 + -55)).
40
What is (24 - 10) + -56 - -2 - -27?
-13
Evaluate (13 - (2 + 0)) + (464 - 475) + -4 + 7.
3
623 + -625 - (21 + 0 + -2 + (-2 - -4))
-23
12 + -10 + 27 + (-8 - -3) + -7
17
What is 16 - (-32 + 52 - (-2 - -4))?
-2
Calculate -144 - (-4 + (-27 - -23 - 19)).
-117
Calculate -11 - (-96 - -108) - 20.
-43
What is -2 - -12 - (25 - 33) - 2?
16
Evaluate (-2 - (12 + -1) - -1 - -12) + -1 + -20.
-21
What is the value of (5 + -1 - (318 + -300)) + -25?
-39
Evaluate -15 - (-5 - (-67 + 67 + 7 + -1) - -60).
-64
-49 - -65 - (-7 + (-5 - -23))
5
What is the value of 5 + 0 + -13 + 7 + -8?
-9
What is -14257 + 14260 + (-6 + -2 - (-1 + 1)) - 71?
-76
Evaluate -8 + -3 + 20 + 1 + -16.
-6
Calculate -2 + -17 + (5 - 11) + 8 - -17.
0
Evaluate 58 - (10 + -6 + 16 + -22).
60
8 + (-8 - (1 - 5) - 0) - (-318 - -317)
5
(26 - (-4 + 31)) + (-2 - 9) + -1 + 13
0
What is -64 - (30 + -162 - -19)?
49
65 + 4 + (-2 - (-9 + (18 - 4)) - -2)
64
What is -157 - -108 - (-81 + 49)?
-17
What is the value of 45 + (-48 - (-34 - -43))?
-12
Calculate -119 - ((-20 - 71) + 14).
-42
Evaluate -130 - (-218 + (3 - -105)).
-20
-24 + 34 + -21 - (-42 - -3)
28
What is the value of (-52 - 0) + (-13 - (-16 + (47 - 17 - 18)))?
-61
What is the value of (-11 - (-4 - 58)) + (3 + -6 - -8 - -2)?
58
4 + (20 - 10) - (-3 - -24)
-7
-5706 + 5705 - (50 + -1)
-50
Evaluate -63 + 33 - (1 + -1 - 5 - (8 + -2)).
-19
Calculate -15 - (-38 - -70 - (-2 + 1 + -1)).
-49
What is the value of -6 + 17 + -23 + (0 - -4 - -11) - 50?
-47
Calculate 0 + 21 + -35 + -205 + 111.
-108
-3 + -25 + -16 - (-16 - ((-2 - -6) + -9))
-33
5 + 3 + (-38 + (48 - 25) - (-2 - -1))
-6
What is 3 - -1 - (-93 + -60 + 135)?
22
What is the value of 37 + (86 - (146 - 56))?
33
Evaluate -74 - (-102 + -17 - -57).
-12
What is the value of (-7 - 3) + 17 + (-23 - -16 - -33)?
33
What is -177 - -115 - (0 + 5 + -25)?
-42
Evaluate 1 + -4 - (-3 - (3 + (86 - 34))).
55
What is the value of (-14 - (14 + -21 + 2)) + 7?
-2
11 - (-38 + 102 - 2)
-51
What is the value of 280 + -281 - (-2 - (1 + -17)) - -39?
24
Evaluate 1 + (8 - 5) + -12 + (23 - 9).
6
Evaluate -29 - -1 - (-300 - -257) - -11.
26
73 - ((-27 - -10) + 4 - (13 - 42))
57
Evaluate 54 + (-11 + -1 - (112 - 108)).
38
What is 24 - (13 + (76 - 18) + -18)?
-29
What is the value of 6 + 8 + 51 + 6 - (-31 + 3 - -21)?
78
Evaluate (120 - -20 - 87) + -48.
5
What is the value of -21 + 10 - ((9 - 16) + -9 - 45)?
50
-66 - (-142 + (105 - 127))
98
Evaluate 45 + (2 - (1 - 31) - (75 - 117 - -58)).
61
Calculate (13 + -1 - (3 + -4 + 0)) + 41.
54
Evaluate -8913 - -8944 - (0 + -26).
57
Calculate 132 + (5 + 3 - 5) + (-30 - (43 - 65)).
127
What is (-68 - (57 + -29)) + 63?
-33
What is the value of 84 + -77 - (-6 + 2 + 1 - 6)?
16
-90 - (-116 - -68) - -47
5
(-18 - -28 - 12) + -18 + -9
-29
What is (2 - 20) + -14 + (15 - 3) + -99 + 84?
-35
Evaluate 14 + (-41 - -62) + -90.
-55
Calculate -9 + (53 - (16 - 8)) + -11.
25
What is the value of -19 + -7 + -3 + 5 + -2 - -13 - 7?
-20
What is 104 - (-33 - (73 + -164))?
46
Evaluate (119 - (1 - 1)) + (-3 + 9 + -9 - 12).
104
Calculate 42 + -79 + 8 + (36 - -13).
20
What is 47 - ((-34 - (-33 + -10)) + 2 + -9 + -1)?
46
Evaluate -96 - 78 - -58 - (-3 - 32).
-81
What is the value of 0 - -29 - (1492 + -1473)?
10
What is -53 - (-47 + -1 + -19)?
14
Calculate 120 + -104 + (0 - 0) + -45 + 13 - 26.
-42
What is (-2 - 91 - -192) + -199?
-100
What is the value of 87 + 0 - (-3948 + 4074)?
-39
What is (-56 + 20 + 13 - (-1 + -11)) + -5 + -112?
-128
What is the value of 23 + -10 + -17 + 3 + 2 + (0 - 7)?
-6
Evaluate 23 - (14 + 7) - -14 - -34 - 20.
30
What is the value of 38 + (-9 - 33) + -30?
-34
Evaluate 133 + -120 - (2 - (7 - -11)).
29
-7 - (-1 + 2 + 79 - (-18 + 53 - 28))
-80
Evaluate (-91 - (4 + -18 + -14 + 38) - 9) + 9.
-101
What is (34 + (-77 - -31) - -5) + -95?
-102
What is the value of -56 + (61 - 35) + (13 - (3 - 1))?
-19
What is (2 - -11) + 54 + -34 + -14?
19
What is the value of -10 - ((3 + -2 - 2) + (10 - (12 - 4)))?
-11
8 - (-10 + -15 - -8 - (17 + -4))
38
What is -115 + 13 + 25 + -21?
-98
What is 2 - (5 + 4) - (-100 - (47 - 181))?
-